 x(n) = -7*n - 7. Let m be -10 - 2/(6/(-9)). Let o be x(m). What is the greatest common divisor of o and l?
21
Suppose 4*t - 5*l - 182 + 14 = 0, -5*l + 20 = 0. What is the highest common divisor of t and 987?
47
Let i be (10/(-4))/(3/(-90)). Suppose -z = -4*y + 1 + 54, 5*y = z + 70. Calculate the highest common factor of i and y.
15
Suppose -3*w - t = -119, 5*w = -5*t + 101 + 84. Let d = -1 + w. What is the highest common factor of d and 5?
5
Let q(k) = 14*k**2 - 5*k + 4. Let w be q(2). Suppose 0 = i - 3*v - 55, -143 - 42 = -5*i - 3*v. Calculate the highest common divisor of w and i.
10
Let i be ((72/(-9))/8)/(2/(-12)). What is the highest common divisor of i and 22?
2
Let d(f) = 2*f**2 - f - 16. Let z be d(-3). What is the highest common divisor of 80 and z?
5
Let x(w) = 0 + 28*w**3 - 25*w**3 + w - 1. Let m be x(1). Suppose 3*q - 208 + 496 = m*p, 2*q = p - 99. What is the greatest common factor of p and 62?
31
Let i = -186 + 212. Calculate the greatest common factor of i and 26.
26
Let l = 30 - 15. Suppose 0 = 13*v - 10*v - l, 4*k - 4*v = 88. Suppose -4*h + 201 = 3*r, 13 = 4*r + 33. What is the greatest common factor of h and k?
27
Let x = -12 - 51. Let i be 25/(-5)*x/5. What is the greatest common divisor of 7 and i?
7
Suppose 32*k = 27*k + 35. Calculate the highest common factor of 63 and k.
7
Let c be (1/4 - (-99)/(-108))/((-20)/240). Suppose 0*k = -k + 88. Calculate the highest common factor of k and c.
8
Let l(n) = 10*n - 105. Let s be l(12). What is the highest common divisor of 555 and s?
15
Let w(u) = u**2 + u - 1. Let a be (-4)/10*(-5)/2. Let l be w(a). Let p be (43/(-86))/((-6)/4 + 1). What is the highest common divisor of l and p?
1
Suppose -2*r = 2*j - 274, 0 = 4*j + 12. Let x = r - 60. What is the greatest common divisor of 16 and x?
16
Let g(n) = 68*n - 6. Let q be g(3). Suppose 5*d - 3*d - q = 0. What is the greatest common factor of d and 33?
33
Suppose -q - 2*w = -7, -9*w = 4*q - 4*w - 22. Let p be (33/(-11))/((-1)/q). What is the greatest common factor of 1 and p?
1
Let b = 39 + -21. Suppose 2*o - 2*s - 86 = 0, -5*o + 163 = -o + 5*s. Suppose 2*p - o = 48. What is the greatest common divisor of b and p?
9
Let b be (-11 + 14)/(-3)*(-18)/2. Calculate the highest common factor of 225 and b.
9
Let f = -9 - -25. Suppose -2 = -b + f. Let o be -1 - (-2)/6*(-210)/(-10). What is the highest common divisor of b and o?
6
Let u(r) = r**2 - 7*r + 8. Let d be u(6). Suppose d*k - 7*k - 483 = -4*z, 4*z + 5*k = 453. What is the greatest common divisor of z and 13?
13
Let j(q) = q**3 + 56*q**2 + 110*q + 360. Let l be j(-54). Calculate the highest common factor of 336 and l.
84
Let y(n) = 2*n - 3. Let b be y(4). Suppose 0*k - 2*k + 4*w + 76 = 0, -2*k + 81 = w. Suppose 8*q = 7*q + k. Calculate the greatest common divisor of q and b.
5
Let k be (8/(-20))/((-2)/200). Suppose -k = -y + 95. Let b = 2 - -13. Calculate the greatest common divisor of y and b.
15
Let n be (-4)/16 + (-171)/(-12). Let w(r) = -2*r**2 + 26*r + 19. Let y be w(11). Calculate the greatest common factor of n and y.
7
Let g(s) = -s + 4. Let l be g(1). Suppose 29 = l*b - 46. What is the highest common divisor of 75 and b?
25
Suppose 260 = -5*l + l. Let d = l - -114. Calculate the greatest common factor of 7 and d.
7
Suppose -4*q = 3 + 13. Let k be -2 + 1 - 60/q. Calculate the greatest common divisor of 126 and k.
14
Let q be (0 - -27) + 2 + -5. Suppose -4*i = -3*i - 4*l + 36, i + q = l. Let f be (6/(-1))/(6/i). Calculate the greatest common divisor of 100 and f.
20
Suppose -24 - 3 = -3*m - 5*p, 2*p = 0. Let b be 119/m - (-20)/(-90). Calculate the highest common factor of 13 and b.
13
Suppose -t - 38 + 140 = 4*p, 198 = 2*t + 5*p. What is the greatest common factor of 235 and t?
47
Let i = -1338 + 1444. Calculate the greatest common factor of 53 and i.
53
Let n be (-154)/(-6) - 55/33. Suppose -2*c = -3*z - 184 + 58, 2*z + 64 = c. Calculate the greatest common factor of c and n.
12
Let i(h) = 3*h + 40. Let l be i(-17). Let d(q) = -8 + 2 - 4*q**2 - q + 2*q - q**3 - 6*q**2. Let s be d(l). What is the highest common divisor of s and 13?
13
Let s be (-72)/6*3*6/(-9). What is the highest common divisor of s and 24?
24
Suppose -4*u - 2*u = -4*u. Suppose 5*y - y + 2*x - 62 = u, 3 = 3*x. Calculate the greatest common factor of 10 and y.
5
Suppose -o + 60 = 4*o. Let j(i) = -3*i**3 - 2*i**2 - 3. Let r be 3/12 - (-39)/(-12). Let f be j(r). Calculate the greatest common divisor of o and f.
12
Let u = -21 - -27. Calculate the greatest common divisor of 150 and u.
6
Let x(j) be the second derivative of j**4/6 + j**3/3 - 21*j**2/2 + 12*j. Let u be x(-6). Calculate the greatest common factor of u and 13.
13
Suppose 5*t = 4*v + 105 - 303, -56 = -v - 2*t. Calculate the greatest common divisor of 13 and v.
13
Let i be (52/(-13) - -9) + 31. Calculate the highest common factor of 768 and i.
12
Let g = -25 + 30. Suppose -5*u = -2*j - 0*j - 310, -5*j = g*u - 345. Let v(k) = -2*k. Let t be v(-8). Calculate the highest common divisor of t and u.
16
Let k(l) = l + 2. Let d be k(-2). Suppose -2*b = 5*x - d + 2, 4*x = -b - 4. Let y be (16*-3)/(3 - b). What is the highest common factor of 6 and y?
6
Let h(p) = -p**3 + 78*p**2 + 2*p - 147. Let g be h(78). Calculate the greatest common factor of 1773 and g.
9
Let v = 24 - 16. Suppose v*a + 96 = 10*a. What is the highest common divisor of 72 and a?
24
Let u = -324 - -426. Calculate the highest common factor of u and 68.
34
Suppose 3*r = -3*g - 180, 0 = r + g + 3*g + 66. Let i(k) = -83*k**3 + k. Let y be i(-1). Let b = r + y. What is the highest common divisor of b and 12?
12
Let a be 39/(-9) + (-5)/(-15). Let o be (a + (-36)/(-8))*6. Calculate the highest common factor of o and 1.
1
Let w(z) = 2*z. Let p(y) = y**2 + 48*y + 24. Let q(u) = -2*p(u) + 22*w(u). Let i be q(-24). What is the greatest common divisor of 3 and i?
3
Suppose a - 3*a = -2*g + 858, -4*g - a + 1716 = 0. What is the highest common divisor of 156 and g?
39
Suppose -10 = 2*y, 5*x + 0*x - 5*y = 70. What is the greatest common divisor of x and 21?
3
Let v = -26 + 381. What is the highest common divisor of 639 and v?
71
Suppose -2*j - 2*j + 478 = -m, m = -5*j + 602. Calculate the highest common divisor of j and 160.
40
Suppose -1106*f + 1119*f = 273. Calculate the greatest common divisor of 308 and f.
7
Let l = -94 - -148. Suppose -a - 3*q - 14 = 2*q, 5*q = a - 26. Calculate the greatest common factor of l and a.
6
Let c = -91 + 118. Calculate the highest common divisor of 6 and c.
3
Let d(z) = 9*z**2 + 43*z - 10. Let g(h) = 3*h**2 + 14*h - 3. Let c(a) = -4*d(a) + 11*g(a). Let q be c(-6). Calculate the highest common factor of q and 49.
7
Let i(x) = x**2 + x - 4. Let s be i(-4). Suppose -3*d - 2*o = 4, -5*o = 2*d + 44 - 23. Calculate the greatest common factor of d and s.
2
Let n be (2 - 1) + 12 + 1. Let b be (2*2)/(-1 - -2). Suppose -13 - 3 = -2*s - b*p, -9 = 3*p. What is the greatest common divisor of s and n?
14
Let u be 3/(-12) + (-266)/(-8). Suppose c = 6*c + 20, 4*t + 8 = -4*c. Suppose t*k - u = -1. Calculate the highest common factor of 8 and k.
8
Let c = -140 - -243. Let o = 37 + c. What is the highest common factor of 56 and o?
28
Let o = 690 + -677. Let u(a) be the third derivative of a**4/24 + a**3 + 2*a**2. Let q be u(7). Calculate the greatest common divisor of o and q.
13
Let a(g) = -2*g**2 - 19*g - 25. Let f be a(-6). What is the highest common divisor of 153 and f?
17
Suppose 8 = 12*x - 11*x. Let c(w) = w**2 + 16. Suppose 3*y - 4*y = 4*v + 2, 3*y + 6 = -4*v. Let q be c(v). What is the greatest common divisor of x and q?
8
Let w(x) = 177*x + 45. Let z be w(1). What is the greatest common divisor of 777 and z?
111
Suppose 10 = -3*c + 4*c. Let g be (-48)/120 - (-81)/15. Calculate the highest common factor of c and g.
5
Let c be (-2 - 12/(-5))*55. Let b(r) = -21*r + 7. Let v be b(3). Let u = 89 + v. Calculate the greatest common divisor of u and c.
11
Let y be 1/(-11) - (-26480)/880. Calculate the greatest common factor of 1410 and y.
30
Let k(j) = -j**3 + 5*j**2 - 2*j + 1. Let t be k(4). Let u be (-4)/4 + 5 + -4. Suppose -5*a + 237 + 78 = u. Calculate the greatest common factor of t and a.
9
Let m be (-1)/(-2)*(-30)/(-5). Suppose p - m*p = -324. Let j(n) = -n**2 + 9*n + 4. Let t be j